d = 109 + i. Is d a composite number?
False
Let o(x) = 304*x + 127. Is o(3) a prime number?
True
Let w(x) be the first derivative of -6*x**2 - 5*x + 5. Let y be w(-5). Suppose 4*i = 3*i + y. Is i a prime number?
False
Suppose 2*n + 3256 - 915 = 5*b, 4*n + 12 = 0. Is b a prime number?
True
Suppose -2*f + 102*c + 124966 = 98*c, 3*c - 187458 = -3*f. Is f a prime number?
False
Suppose -1263 = 5*y + d, 3*y + 767 = 6*d - 2*d. Let a = 126 - y. Is a prime?
True
Suppose 24865 = -11*j + 110874. Is j a prime number?
False
Let t(o) = 2*o**2 - 2*o - 1. Let g be t(-1). Let y be (2 + g)*(-8)/(-10). Suppose -y*q + 32 = 2*s + q, 2*s - 3*q = 48. Is s prime?
False
Suppose 1341 - 3406 = -5*p - 5*g, 5*p - 2*g = 2086. Let l = p - 7. Is l a prime number?
True
Let w = 19 - 15. Suppose 4*j - 247 = d - w*d, j = 3*d - 227. Is d prime?
False
Is ((-10)/(-8) + -2)*(-92 - -24) composite?
True
Suppose 4*v - 15 = k, -2*k - 5*v = -2 - 33. Let z(h) = 2*h - 6. Let w be z(k). Is w/(-6) + 115/15 a prime number?
True
Let g(b) = -11*b**2 + 69*b + 8. Let q(l) = 4*l**2 - 23*l - 3. Let y(m) = 3*g(m) + 8*q(m). Let o be y(13). Let n = -65 + o. Is n a prime number?
False
Let d(j) = j**2 - 19*j - 37. Let w be (-11)/(33/(-52))*(-3)/(-2). Is d(w) a composite number?
True
Is 218354/18 + 3 + (-200)/72 a composite number?
True
Suppose -9*d + 0 = -360. Let k = 83 + d. Is k a composite number?
True
Suppose -2*q + 25 + 9 = 3*i, 4*i + 62 = 2*q. Is 2 + (q*-3)/(-1) composite?
False
Let c(o) = o**3 + 4*o**2 - 7*o + 2. Let y be c(-5). Suppose 0 = -3*p + 7*p - y. Suppose 2*k + p*k - 1775 = 0. Is k a prime number?
False
Let c(j) be the third derivative of 3/2*j**3 + 5/8*j**4 + 1/6*j**5 + 0 - 9*j**2 - 1/120*j**6 + 0*j. Is c(11) composite?
False
Let m = -11755 - -36774. Is m a composite number?
True
Suppose 0 = 3*p - 2*q + 4 + 1, 4*q - 11 = 5*p. Is p + 13374/11 + (-2)/(-11) composite?
False
Let g = 1185 - 1863. Is ((-2)/3)/(4/g) a composite number?
False
Let z(k) = -376*k - 209. Is z(-46) a composite number?
True
Suppose 0 = -4*n - 5*y + 135921, 3*n - 5*y = 33499 + 68468. Is 4/(-38) + n/114 a composite number?
True
Let p(j) = -14*j - 67. Let c be p(-9). Let a = c - 37. Is a a prime number?
False
Let h be -18*1/(-4)*2. Is 3936/h + (-1)/3 a prime number?
False
Suppose 0 = -2*r + 3*j + 14915, -15*r = -16*r - 2*j + 7475. Is r a prime number?
False
Suppose 0 = p + 4*p - 15. Suppose -6 - 2 = -2*f, 3*z - 8 = -2*f. Suppose 4*x + p*t = 1649, -3*x = -z*t - 5*t - 1244. Is x prime?
False
Suppose 0 = -3*v + 380 + 4. Suppose -6*z + 2*z + 292 = 0. Let g = v - z. Is g prime?
False
Let r(m) = -3*m**2 + 2*m - 2. Let x be r(1). Let o be 60/(-8)*28/x. Suppose -o = -g - 3*i, -g + i = -18 - 48. Is g prime?
True
Suppose 17*l = 44670 + 3253. Is l a composite number?
False
Let x = -31 - -34. Suppose 4*w - 4*m + 9*m = -x, -m = 3*w + 5. Is 38/(-6*w/66) prime?
False
Let a = -36 + 41. Suppose 0*v + v = -3*q + 880, 0 = a*v - q - 4384. Is v a prime number?
True
Suppose -2*v - 3*u = -193, 5*v + 4*u + 0*u - 479 = 0. Suppose 155*g - 156*g + v = 0. Is g composite?
True
Let z be (36/(-30))/(2/5). Let h(g) = -4*g**3 - 2*g**2 + 2*g - 5. Is h(z) composite?
False
Let c(h) = -110*h**3 - h**2 - 2*h - 1. Let w be c(2). Let s(k) = -38481*k - 889. Let m(y) = -130*y - 3. Let f(l) = w*m(l) + 3*s(l). Is f(1) composite?
False
Let v(a) = 121*a - 2. Let w be v(3). Suppose 0 = -2*o + w + 1317. Is o a prime number?
True
Let d = -19 - -48. Suppose 8 = v - d. Is v prime?
True
Let v(q) = 6*q**2 - 56*q + 71. Is v(-37) a prime number?
True
Let r be ((-34)/6)/(2/66). Let w = r + 696. Is w prime?
True
Let x be (-7)/(-21) + (-11)/(-3). Let h be x/6*15/5. Let n(g) = 17*g + 4. Is n(h) prime?
False
Suppose -123*i + 35629 = -112*i. Is i prime?
False
Suppose 1486 = 3*y - 1682. Let z = -575 + y. Is z composite?
True
Suppose -1 - 1 = -2*r. Let c be 99/11 - r*3. Is 2/c*(5 - -154) a prime number?
True
Let m = -1296 + 3785. Is m a prime number?
False
Let y(m) = 19*m**3 + 13*m**2 + 4*m - 1. Is y(11) prime?
False
Suppose 2*v + 48 = 8*v. Suppose -3486 = 2*o - v*o. Is o a composite number?
True
Let s = 18 - 15. Let u be 1 + (s - 33/(-3)). Let m = 74 - u. Is m composite?
False
Let i be 2/3 - (-21180)/(-45). Let k = -267 - i. Is k a composite number?
True
Let k(l) = -31*l**3 + 9*l**2 + 16*l - 65. Is k(-8) composite?
True
Let y = 2118 + 1103. Is y a prime number?
True
Suppose 7*n - 4*n = 3*g + 18, -5*n + 3*g + 20 = 0. Let s be (n + 0)*4 + 0. Suppose -5*f + 0*f - 4*k + 30 = 0, -s*f = k - 35. Is f a prime number?
False
Let x(s) = -30*s - 23. Suppose -4*p + m - 4*m = 83, p + 5*m + 42 = 0. Is x(p) a prime number?
True
Let n(x) = -2*x**3 + 5*x**2 + 6*x + 7. Let h be n(5). Let d be (-6)/4*976/(-3 + 11). Let g = h - d. Is g a prime number?
False
Is -4 - (70/(-21))/(12/148878) composite?
False
Let t(x) be the second derivative of -x**4/6 + x**3/6 + 5*x**2/2 + 6*x. Let u be t(-5). Let h = u + 177. Is h a prime number?
True
Let h be -2*(-2 - 155) + 3 + 0. Let k = h + -104. Is k a composite number?
True
Suppose -5*h + 15912 + 79693 = 0. Is h a prime number?
True
Is 1/4 + 359149/28 prime?
False
Is 1471/((3 + -6)/(-3)) prime?
True
Suppose -29 - 118 = -3*s. Let k = s - -100. Is k a prime number?
True
Suppose 2*p = n + 3*n - 6, 0 = 3*n - 3*p - 6. Is 0 - (0 - (1/n + 1054)) prime?
False
Suppose 5*w - 2*r = -26, w + 14 = -0*w - 4*r. Let o(s) = -909*s - 19. Is o(w) a prime number?
False
Suppose r + r = -278. Let c(n) = 10*n**2 - 7*n + 5. Let q be c(7). Let v = r + q. Is v composite?
False
Let y = -25 + 108. Suppose y*o - 785 = 82*o. Is o a prime number?
False
Suppose -2 = -2*c + 894. Let h = c - 184. Suppose f + 3*f + 4*j = h, 5*j + 25 = 0. Is f composite?
False
Let b be 1/4 + (-2)/8. Suppose v + 45 = -j + 628, -3*j + 2909 = 5*v. Suppose b = 5*t - 9*t + v. Is t composite?
True
Is (-68)/12 + 14/(-42) - -10249 prime?
True
Let d = -494 - -1163. Is d composite?
True
Let t = 4056 + -1629. Is 26/39*t/2 a prime number?
True
Let a = -3 - -13. Let y(d) = -33*d - 23*d + 1 - 20*d + a*d. Is y(-4) a prime number?
False
Let x be ((-2)/(-8))/((-2)/(-32)). Let z be (238/(-8))/7*-44. Suppose -49 = -x*c + z. Is c composite?
False
Suppose 4*w = 1044 + 17840. Is w composite?
False
Suppose 2*v + 4373 = -2759. Is (v/(-8))/(6 - (-115)/(-20)) composite?
False
Let z = -5413 - -10134. Is z a prime number?
True
Suppose 5*d + 20 = 4*s, 10 = 2*s - 0*d + 3*d. Suppose s*f - 243 = 677. Suppose f = 2*c - 138. Is c a prime number?
False
Let y = -177 + 15. Is (-2864)/(-7) + -4 + y/(-42) prime?
True
Let u(k) be the third derivative of 67*k**5/10 - k**3/6 - 10*k**2. Is u(1) a prime number?
True
Let q(g) = -g**3 + 20*g**2 - 22*g + 1. Let h(t) = -t**2 + 10*t - 1. Let s be h(7). Let x = s + -2. Is q(x) a prime number?
False
Suppose 5*g + 0*x + 385 = 2*x, 0 = -x + 5. Is -11 + 11 - (g + (-1 - 1)) composite?
True
Let k = 105 + 582. Is k composite?
True
Suppose j + 3*s = -s + 38, 0 = -5*s + 10. Is (-2)/6 - (-32620)/j a composite number?
False
Let o(l) = 15*l**2 - l. Let k be o(1). Let s be (-1 - k)/((-6)/(-40)). Let x = -33 - s. Is x a prime number?
True
Suppose -6*q + 11*q = -165. Is (-84771)/q - 4/(-22) composite?
True
Suppose 1487 = -p - 5*r, -8*p - 6023 = -4*p + 5*r. Let h(z) = -253*z - 3. Let x be h(4). Let y = x - p. Is y a composite number?
True
Let g = 17 - 15. Suppose 4*u - 716 = -4*b, 0 = -g*b - 0*u + u + 352. Is b a composite number?
True
Suppose -4*m + 3*b + 3 = 0, -3*m - 3 = -3*b - b. Is 3*m/27*318 composite?
True
Let n(k) = 6 + 211*k - 3 - 5. Is n(3) prime?
True
Suppose -3*v = -3*a + 6 + 39, 15 = -3*v. Suppose a = 7*x - 2*x. Suppose 4*y = 2*y - 5*s + 203, -4*s + 198 = x*y. Is y composite?
False
Let k be (11 + -2)*(-1 - 0). Let o be (265/4)/(k/(-36)). Is (-1)/(((-20)/o)/4) composite?
False
Suppose -1581 = -17*t + 7497. Suppose -6*v + 2040 = t. Is v composite?
False
Suppose -5*z + 0*x - 27 = 4*x, -z - x = 6. Let t(h) = -42*h**3 - 2*h**2 + h + 3. Let g be t(z). Is (g/(-60))/(1/(-5)) a prime number?
False
Let p = 112899 + -73234. Is p composite?
True
Suppose 5*u + o = 6652, 2*u - 4*o = -3*o + 2665. Let t = -244 + u. Is t composite?
False
Let z(h) = 10129*h + 38. Is z(1) prime?
False
Suppose 35384 = 2*o - 4*m - 13014, 5*m = 4*o - 96808. Is o prime?
False
Suppose b - 2 = -4*f + 9, -2*f + 3*b = 5. Suppose -f*d = -9*d - 84. Is (-4904